s digit of 1363245230?
0
What is the hundred thousands digit of 24710952?
7
What is the tens digit of 2441013465?
6
What is the billions digit of 1175591114?
1
What is the units digit of 424316898?
8
What is the units digit of 36389544?
4
What is the tens digit of 86195241?
4
What is the units digit of 172999342?
2
What is the ten millions digit of 199491320?
9
What is the thousands digit of 729726544?
6
What is the tens digit of 38312180?
8
What is the hundreds digit of 1490565865?
8
What is the hundred thousands digit of 673537658?
5
What is the thousands digit of 9585791?
5
What is the thousands digit of 14140693?
0
What is the hundreds digit of 72919273?
2
What is the thousands digit of 765652924?
2
What is the thousands digit of 26865002?
5
What is the hundred millions digit of 120306817?
1
What is the hundred thousands digit of 324987568?
9
What is the hundred millions digit of 665933714?
6
What is the tens digit of 4899343878?
7
What is the hundred millions digit of 319792995?
3
What is the ten millions digit of 1101940967?
0
What is the hundred millions digit of 634130690?
6
What is the millions digit of 1594224744?
4
What is the ten millions digit of 369377290?
6
What is the millions digit of 2499599424?
9
What is the hundreds digit of 70012697?
6
What is the ten thousands digit of 108112305?
1
What is the hundred millions digit of 1233552616?
2
What is the tens digit of 453780020?
2
What is the hundred thousands digit of 289426951?
4
What is the ten thousands digit of 3372229307?
2
What is the ten thousands digit of 12954178?
5
What is the units digit of 193393814?
4
What is the ten millions digit of 249838022?
4
What is the hundreds digit of 943164633?
6
What is the tens digit of 36596883?
8
What is the hundreds digit of 120670226?
2
What is the hundred millions digit of 279966546?
2
What is the ten millions digit of 88670407?
8
What is the ten millions digit of 33130046?
3
What is the millions digit of 1705801160?
5
What is the millions digit of 40365998?
0
What is the ten millions digit of 407568099?
0
What is the ten millions digit of 304330274?
0
What is the billions digit of 1511201187?
1
What is the tens digit of 69717166?
6
What is the thousands digit of 6808388?
8
What is the millions digit of 202028666?
2
What is the hundreds digit of 1492472999?
9
What is the hundreds digit of 147456891?
8
What is the units digit of 72321208?
8
What is the units digit of 38929513?
3
What is the hundred millions digit of 162119981?
1
What is the units digit of 20969795?
5
What is the ten thousands digit of 9485868688?
6
What is the hundred millions digit of 160714883?
1
What is the thousands digit of 110624961?
4
What is the millions digit of 35071663?
5
What is the thousands digit of 40378722?
8
What is the units digit of 815837750?
0
What is the ten thousands digit of 378762988?
6
What is the hundreds digit of 1150333550?
5
What is the thousands digit of 155580049?
0
What is the thousands digit of 260387717?
7
What is the millions digit of 170687004?
0
What is the millions digit of 1059426123?
9
What is the thousands digit of 32751288?
1
What is the hundreds digit of 804431055?
0
What is the thousands digit of 93643009?
3
What is the hundred thousands digit of 91536799?
5
What is the tens digit of 545400326?
2
What is the ten millions digit of 628243737?
2
What is the thousands digit of 51918445?
8
What is the thousands digit of 48678440?
8
What is the millions digit of 8974542?
8
What is the hundred millions digit of 341361415?
3
What is the tens digit of 35273291?
9
What is the tens digit of 126198826?
2
What is the ten thousands digit of 240881048?
8
What is the units digit of 2549284571?
1
What is the hundred thousands digit of 18254779?
2
What is the tens digit of 67157992?
9
What is the hundred thousands digit of 334022019?
0
What is the ten thousands digit of 774452389?
5
What is the hundred thousands digit of 45168647?
1
What is the ten millions digit of 280819456?
8
What is the hundred thousands digit of 77072853?
0
What is the hundred thousands digit of 47913537?
9
What is the thousands digit of 145120883?
0
What is the ten millions digit of 3820367864?
2
What is the hundred thousands digit of 38403743?
4
What is the hundred thousands digit of 30545955?
5
What is the thousands digit of 1514711358?
1
What is the hundred thousands digit of 2830497915?
4
What is the ten thousands digit of 38186485?
8
What is the units digit of 941444974?
4
What is the hundreds digit of 676590529?
5
What is the millions digit of 1674908159?
4
What is the ten millions digit of 2717291333?
1
What is the ten thousands digit of 2654507504?
0
What is the hundreds digit of 35125741?
7
What is the thousands digit of 67470508?
0
What is the ten thousands digit of 233795088?
9
What is the ten thousands digit of 6318239?
1
What is the tens digit of 5008725215?
1
What is the hundreds digit of 37273152?
1
What is the ten thousands digit of 178473100?
7
What is the thousands digit of 1898089?
8
What is the hundred millions digit of 315100665?
3
What is the hundreds digit of 897955470?
4
What is the ten millions digit of 223823073?
2
What is the hundred thousands digit of 509807411?
8
What is the tens digit of 108978853?
5
What is the ten thousands digit of 13109618?
0
What is the units digit of 1137452858?
8
What is the units digit of 340661557?
7
What is the ten millions digit of 3681780463?
8
What is the tens digit of 4427911167?
6
What is the hundreds digit of 194059380?
3
What is the hundreds digit of 464079788?
7
What is the millions digit of 419703544?
9
What is the hundred thousands digit of 39374033?
3
What is the tens digit of 1425048969?
6
What is the tens digit of 52281063?
6
What is the hundred thousands digit of 3112154898?
1
What is the thousands digit of 19241209?
1
What is the ten thousands digit of 196735956?
3
What is the ten thousands digit of 30208208?
0
What is the hundreds digit of 858202751?
7
What is the hundred millions digit of 284368040?
2
What is the hundred thousands digit of 22072242?
0
What is the hundred millions digit of 354419701?
3
What is the billions digit of 3181029358?
3
What is the tens digit of 4385093?
9
What is the thousands digit of 242135025?
5
What is the hundred thousands digit of 62717306?
7
What is the hundreds digit of 4273948730?
7
What is the ten thousands digit of 493743885?
4
What is the ten millions digit of 39770744?
3
What is the tens digit of 1009425?
2
What is the tens digit of 153667183?
8
What is the units digit of 376427189?
9
What is the tens digit of 92844006?
0
What is the hundreds digit of 241262486?
4
What is the thousands digit of 137453953?
3
What is the units digit of 766127513?
3
What is the thousands digit of 72389350?
9
What is the hundred thousands digit of 56323108?
3
What is the tens digit of 97503635?
3
What is the hundred millions digit of 5659783445?
6
What is the hundred thousands digit of 1222412207?
4
What is the units digit of 1212187501?
1
What is the ten millions digit of 850854230?
5
What is the tens digit of 24606518?
1
What is the units digit of 6620605?
5
What is the millions digit of 2761502413?
1
What is the tens digit of 4229856?
5
What is the units digit of 3432253658?
8
What is the hundred millions digit of 200364044?
2
What is the hundred thousands digit of 29773439?
7
What is the tens digit of 79089206?
0
What is the hundreds digit of 90062805?
8
What is the units digit of 1336670812?
2
What is the ten millions digit of 6225264362?
2
What is the hundred millions digit of 1277906268?
2
What is the hundreds digit of 271455001?
0
What is the thousands digit of 8859603?
9
What is the tens digit of 60039781?
8
What is the thousands digit of 55530920?
0
What is the hundreds digit of 1823607771?
7
What is the tens digit of 195515801?
0
What is the units digit of 11013736?
6
What is the thousands digit of 149382329?
2
What is the millions digit of 5704457403?
4
What is the hundred millions digit of 400529196?
4
What is the hundred millions digit of 895890113?
8
What is the millions digit of 45838115?
5
What is the units digit of 289835918?
8
What is the ten thousands digit of 344382385?
8
What is the tens digit of 68874630?
3
What is the tens digit of 85956458?
5
What is